
46
What is the greatest common factor of 11237706 and 8514?
774
Calculate the highest common factor of 612 and 196129.
17
Calculate the highest common divisor of 213473088 and 54.
18
What is the greatest common divisor of 81944 and 56?
8
What is the greatest common divisor of 208869830 and 163?
163
Calculate the greatest common factor of 2484897 and 1932.
69
Calculate the greatest common factor of 770 and 2119180.
70
Calculate the greatest common divisor of 363919 and 782.
17
What is the highest common factor of 8474170 and 118826?
6254
What is the greatest common factor of 11526819 and 3357?
1119
Calculate the greatest common divisor of 727304 and 110366.
794
Calculate the highest common divisor of 81 and 297777.
3
What is the highest common factor of 6860 and 9426669?
343
Calculate the greatest common factor of 2899940 and 2.
2
Calculate the highest common divisor of 32088 and 125524.
28
Calculate the greatest common factor of 1323 and 10175193.
1323
What is the highest common factor of 4808403 and 915009?
6141
What is the highest common factor of 3893 and 6351132?
17
What is the highest common divisor of 106410722 and 37015?
7403
What is the highest common divisor of 58429 and 1052704?
491
Calculate the greatest common factor of 28 and 26526476.
4
What is the highest common divisor of 27 and 302354154?
27
What is the highest common divisor of 72425 and 2430583?
2897
Calculate the highest common factor of 2179499 and 1623181.
3521
Calculate the greatest common divisor of 22 and 29518764.
22
What is the greatest common factor of 54326 and 10580?
46
Calculate the greatest common factor of 49 and 2431849.
7
Calculate the greatest common factor of 2263487 and 615.
41
Calculate the highest common factor of 12557952 and 10912.
352
What is the highest common factor of 161331214 and 1006?
1006
Calculate the highest common factor of 60924 and 14460.
12
What is the greatest common factor of 8026889 and 221?
13
Calculate the highest common divisor of 1030 and 166511242.
206
Calculate the highest common divisor of 1020 and 8301372.
204
Calculate the greatest common divisor of 5120 and 18545.
5
What is the highest common factor of 4833 and 3759179?
179
Calculate the highest common divisor of 2490 and 143100.
30
What is the greatest common factor of 540721308 and 3396?
3396
Calculate the highest common factor of 72 and 9218385.
9
What is the highest common divisor of 408887 and 1161?
43
What is the highest common divisor of 2690 and 475936320?
2690
Calculate the greatest common divisor of 1342 and 174218.
22
What is the highest common divisor of 4316 and 777212?
332
Calculate the highest common factor of 674 and 1813882.
2
What is the highest common factor of 1550 and 1779205?
5
Calculate the greatest common factor of 66269434 and 260678.
6358
What is the greatest common divisor of 92457 and 8451?
9
What is the highest common divisor of 92 and 333908?
4
What is the highest common divisor of 340033 and 12132?
337
Calculate the highest common divisor of 33193 and 5.
1
What is the greatest common factor of 338827 and 874?
19
Calculate the greatest common factor of 7685 and 10875.
145
Calculate the greatest common factor of 695950 and 39494.
62
Calculate the highest common divisor of 273894 and 945006.
1434
What is the highest common factor of 78 and 8978138?
26
What is the greatest common divisor of 38622314 and 314?
314
Calculate the greatest common factor of 139103665 and 620.
155
Calculate the greatest common divisor of 657913658 and 1244.
622
Calculate the highest common factor of 74184 and 770502.
1686
What is the greatest common divisor of 581 and 10773?
7
What is the greatest common divisor of 1066978086 and 636?
318
Calculate the greatest common divisor of 39449084 and 14047.
1277
What is the highest common factor of 8914126 and 78156?
4342
Calculate the highest common factor of 238 and 11274074.
14
Calculate the highest common factor of 243633117 and 381.
381
What is the highest common factor of 21230986 and 308?
14
Calculate the greatest common divisor of 239 and 122604371.
239
What is the highest common divisor of 700850 and 13161?
107
Calculate the highest common factor of 15 and 103440450.
15
Calculate the highest common divisor of 55799950 and 24650.
850
Calculate the greatest common divisor of 143900 and 650.
50
Calculate the greatest common factor of 93674 and 2814.
14
What is the greatest common factor of 107140 and 9980?
20
Calculate the greatest common factor of 692568 and 1332.
36
What is the highest common factor of 207561676 and 224?
28
Calculate the greatest common divisor of 1747 and 120529024.
1747
Calculate the greatest common factor of 6942 and 9799608.
78
What is the highest common divisor of 26630465 and 305?
305
What is the highest common divisor of 572 and 201409?
13
Calculate the greatest common factor of 3346828 and 56.
4
Calculate the greatest common factor of 3432 and 70809596.
572
Calculate the highest common factor of 508990 and 13570.
230
Calculate the greatest common factor of 31637695 and 145.
145
What is the greatest common factor of 204 and 119338878?
102
Calculate the greatest common divisor of 319669457 and 317.
317
Calculate the highest common divisor of 5436 and 598715.
151
Calculate the greatest common divisor of 3438985 and 1104840.
1705
Calculate the highest common factor of 78690 and 5852706.
366
What is the highest common factor of 2743680598 and 76?
38
Calculate the greatest common divisor of 12855448 and 6096.
1016
What is the greatest common divisor of 287757648 and 576?
144
Calculate the highest common divisor of 727591590 and 90.
90
What is the greatest common factor of 202630036 and 492?
164
Calculate the greatest common divisor of 84 and 29097572.
28
Calculate the highest common factor of 10101 and 149094127.
3367
What is the greatest common divisor of 3893553 and 336627?
2979
What is the highest common divisor of 64 and 2519288?
8
What is the greatest common factor of 560 and 22860400?
80
What is the greatest common divisor of 12612 and 17182799?
1051
What is the greatest common divisor of 552636 and 18?
18
Calculate the highest common divisor of 557977 and 116683.
553
Calculate the greatest common factor of 324444 and 318.
6
What is the highest common divisor of 60541 and 5447?
13
Calculate the greatest common factor of 465 and 29315925.
465
Calculate the greatest common factor of 512988 and 7653156.
2604
What is the greatest common factor of 220 and 27453481?
11
Calculate the highest common divisor of 90469982 and 240901.
7771
What is the highest common factor of 963500 and 4031284?
7708
What is the greatest common factor of 268 and 325748104?
268
What is the greatest common divisor of 6227 and 84328429?
479
Calculate the greatest common factor of 157829166 and 1308.
654
What is the greatest common divisor of 4320 and 63833400?
1080
What is the highest common factor of 909342 and 160328?
98
What is the highest common factor of 93651 and 765111?
1767
Calculate the highest common divisor of 135938096 and 3736.
3736
What is the highest common factor of 20 and 1729516?
4
What is the greatest common factor of 492594 and 6514578?
894
Calculate the highest common factor of 49180576 and 864.
32
What is the highest common divisor of 1317904 and 5648?
16
What is the greatest common divisor of 237244 and 11116?
28
Calculate the greatest common divisor of 385 and 280343.
7
Calculate the greatest common factor of 877277643 and 283.
283
Calculate the greatest common factor of 296668 and 2536.
4
What is the highest common factor of 28699432 and 32?
8
What is the highest common divisor of 2 and 13689066?
2
What is the highest common divisor of 20 and 643174660?
20
Calculate the greatest common divisor of 196376844 and 66696.
4764
What is the greatest common factor of 44154 and 583?
11
What is the greatest common factor of 5844825 and 1827?
63
What is the greatest common divisor of 85943517 and 62073?
6897
Calculate the greatest common factor of 195910 and 12610.
130
Calculate the highest common divisor of 224495 and 72275.
295
Calculate the greatest common divisor of 731 and 3180241.
17
What is the greatest common divisor of 73016351 and 212?
53
Calculate the greatest common divisor of 27285 and 112965.
255
